inder when 25 is divided by g.
4
Let u(y) = -y**3 - 2*y**2 + 4*y + 4. Calculate the remainder when u(-4) is divided by 7.
6
Suppose 2*r + 0*c = -2*c + 12, 4*c - 16 = 0. Suppose r*f = 3*t - 28, -6*f = -5*f - 3*t + 14. Let o = f - -25. What is the remainder when 21 is divided by o?
10
Suppose 3*t - 3*a + 156 = 483, -3*t = -5*a - 319. Calculate the remainder when t is divided by 23.
21
Let z(n) = -n**3 + 6*n**2 + 3*n - 7. Suppose 5*b - 78 = 12. Calculate the remainder when (21*3)/(b/12) is divided by z(6).
9
Suppose -3*t + 0*r - 4*r = -202, t = r + 72. What is the remainder when t is divided by 24?
22
Let u be (3 - 6/2) + 3. Suppose 92 = 2*w - u*q, -q = q - 4. Suppose 2*p - 36 = -2*f - 0*p, -2*f = 3*p - 37. Calculate the remainder when w is divided by f.
15
Suppose u + 3*u - 40 = -4*v, u - 34 = -4*v. Let o(k) = 8*k - 1. What is the remainder when o(3) is divided by v?
7
Let r be 3 - ((1 - -1) + -48). Let v = -35 + r. Calculate the remainder when 1/(-2 - -1)*-25 is divided by v.
11
Let l(n) = 3*n**3 - n**2 - n + 1. Let k be l(1). Suppose 0 = -3*b + k*b + 7. What is the remainder when 18 is divided by b?
4
Let u(l) = -l**3 + 11*l**2 - 15*l + 12. What is the remainder when u(9) is divided by 10?
9
Suppose 0 = 2*q + q - 33. Let l = -2 + 7. Suppose l*r = -3*v + 12, -2*v + 5*r - 20 = -7*v. Calculate the remainder when q is divided by v.
3
Suppose -5*l + 4*d + 33 = 6*d, -l = -d - 1. Suppose -3*a + 5 = 2*a. What is the remainder when (-1)/((3 + a)/(-52)) is divided by l?
3
Suppose 0 = -3*k + 9*k. Suppose 29 = -0*z + 3*z + v, k = -v - 4. What is the remainder when 21 is divided by z?
10
Suppose -o = -5*o + 456. What is the remainder when o is divided by (-58*(-4)/(-8))/(-1)?
27
Calculate the remainder when 15 is divided by (-4)/9*6*-3.
7
Let q = 3 + -7. Calculate the remainder when 25 is divided by 40/3 - q/(-12).
12
Let j(w) = 17*w + 1. Let r be j(-2). Let p = r - -51. Let q(n) = n**3 + 8*n**2 + 4*n - 3. What is the remainder when q(-5) is divided by p?
16
Let u(g) = g**2 - 7*g + 15. What is the remainder when u(7) is divided by 6?
3
Let j(q) = q + 7. Calculate the remainder when 39 is divided by j(-3).
3
Calculate the remainder when 2/(-7) + (-993)/(-21) is divided by 12.
11
Let x(n) = n**3 - 3*n**2 - 3*n + 3. What is the remainder when x(5) is divided by 14?
10
Let s(t) = 2*t**3 - 2*t. Calculate the remainder when 41 is divided by s(2).
5
Let z(b) = -11*b + 6. What is the remainder when z(-3) is divided by 14?
11
Let w be (-4)/(-6)*(0 - -6). Suppose -w*u + 88 = -0*u. Calculate the remainder when u is divided by 12.
10
Let d = 19 - -2. Calculate the remainder when 364/6 - (-18)/54 is divided by d.
19
Let l(p) = p**3 + 2*p**2 - 2*p + 1. Let h = 3 - 2. Let i be l(h). Suppose v = -i*v + 9. What is the remainder when v is divided by 2?
1
Let u(t) = -9*t**3 - 2*t - 1. Let m be u(-1). Suppose 11 = 4*n - 5. What is the remainder when 38 is divided by n/m - 189/(-15)?
12
Suppose 2 = -b + 4*f, 2*b = -b - 2*f + 8. Let o(i) = -i**2 - 5*i + 3. Calculate the remainder when o(-4) is divided by b.
1
Let q = 4 - 1. Suppose q*g = -g + 48. What is the remainder when g is divided by 5?
2
Let u = -75 - -107. Calculate the remainder when u is divided by 9.
5
Let p(r) = -r**2 - r + 16. Calculate the remainder when 25 is divided by p(0).
9
Let j(o) = 17*o + 5. Let m(n) = n**2 - 4*n - 6. Let t be m(6). Suppose 2*l - t = 2. What is the remainder when j(l) is divided by 25?
23
Let g = 2 + -1. Let t = g - -2. Suppose -t*m + 5 = -40. Calculate the remainder when 29 is divided by m.
14
Let t(w) = w**3 + w**2 + w. Let y be t(-2). Let u = 0 - y. What is the remainder when -17*(1 + 0 - 2) is divided by u?
5
Let c be (0 - 0)/(2 + -3). Suppose -2*y = -c*y + 2. Let n(p) = -12*p**3 - p. What is the remainder when 25 is divided by n(y)?
12
Let y = 0 - -2. Suppose -14 + y = -3*f. Suppose 0*n + 5*n - 4*z + 5 = 0, z + 4 = 3*n. Calculate the remainder when f is divided by n.
1
Let h(p) = p**3 + 5*p + 0*p**3 + 3*p**2 + 4*p**2. What is the remainder when h(-4) is divided by 15?
13
Calculate the remainder when (53/(-3))/(9/(-27)) is divided by -12*(-1 + 2/(-4)).
17
Let a(v) = 25*v + 1. What is the remainder when a(2) is divided by 18?
15
Let i(s) = s**2 + 3*s + 3. Let d be i(-3). Suppose -20 = 2*x - d*x. What is the remainder when x is divided by 1 - (-3)/(6/20)?
9
Let s(j) be the third derivative of j**4/24 + 3*j**3/2 + 2*j**2. Calculate the remainder when 9 is divided by s(-4).
4
Let m(r) = 2*r**2 + 3*r. What is the remainder when m(2) is divided by 3?
2
Let d = 3 + 9. Suppose -4*l - 3*m - 27 = -102, 3*l = -4*m + 51. Calculate the remainder when l is divided by d.
9
Let r(m) = 14*m**2 - m + 2. Let c be r(2). Suppose 2*l - c = -2*l. Calculate the remainder when l is divided by 5.
4
Let d(k) = -154*k**3 - 1. What is the remainder when d(-1) is divided by 26?
23
Suppose 9*q = 4*q - 85. What is the remainder when 0 + 0 - 1 - q is divided by 6?
4
Suppose -l + 263 = -0*d + 2*d, -266 = -2*d - 2*l. What is the remainder when d is divided by 11?
9
Suppose -3*a + 14*a = 187. Calculate the remainder when 25 is divided by a.
8
Suppose -19*f = -3*f - 288. Calculate the remainder when 24 is divided by f.
6
Let h = 37 + -17. What is the remainder when 37 is divided by h?
17
Suppose 0*l - 2 = -l + 2*b, -3*l = -b - 6. Suppose 0 = 4*t - 0*a - a - 34, -4*t + 5*a = -26. Calculate the remainder when l/(-8) - (-210)/8 is divided by t.
8
Suppose -q = 2*h + 2*q - 58, 66 = 2*h + q. What is the remainder when h is divided by (30/(-8) + 4)*2*38?
16
Let j be 1*13*1/1. Let y(i) = -i**2 + j*i + 11 + 3 - i. Calculate the remainder when y(10) is divided by 12.
10
Suppose -20 = -9*j + 4*j. Suppose -2*u - f = 0, -3*u + f - 1 + 11 = 0. Calculate the remainder when j is divided by (-4)/6*(-6)/u.
0
Let r = 87 + -82. What is the remainder when r is divided by 4?
1
Let p be (-2*3)/(-2) - 1. Suppose 24 - 4 = -5*j - 5*k, -8 = -4*j + p*k. Suppose 3*b - 5*n + 3 = 26, n - 2 = j. What is the remainder when 32 is divided by b?
10
Suppose -t = t - 6. Let m = t - -1. What is the remainder when 11 is divided by m?
3
Let c = -19 + 8. Let p(k) = -6*k - 1. Let f be p(-4). Let v = c + f. What is the remainder when 35 is divided by v?
11
Let m(y) = 3*y**2 + 10*y - 7. What is the remainder when m(-6) is divided by 7?
6
Suppose 3*c = -0*d - 4*d - 49, -5*d = -4*c + 69. Let a = d + 22. Suppose -5 = -g - 0*g. Calculate the remainder when a is divided by g.
4
Let o be (8/5)/((-4)/(-10)). Suppose -o*g + 9 + 43 = 0. What is the remainder when 50 is divided by g?
11
Suppose 11*i - 6*i = 580. Calculate the remainder when i is divided by 17.
14
Suppose 0 = -3*k + 2*k + 5*s + 29, 4*k + s = 11. Suppose 2*u - 42 = k*u. Let r = -11 - u. What is the remainder when 18 is divided by r?
8
Let o = 10 + 1. Calculate the remainder when (1 - 2)*(0 - 25) is divided by 152/o + (-4)/(-22).
11
Let l be 14/6 - 7/21. Suppose 3*o - l = -4*b, 3 = 3*o + o + 5*b. What is the remainder when 3 is divided by o?
1
Let i(r) be the third derivative of -r**5/60 + 3*r**4/8 + 2*r**3/3 + 2*r**2. Calculate the remainder when 2/(3*(-2)/(-192)) is divided by i(6).
20
Let u(h) = h**2 + 4*h + 2. Let v be u(5). Suppose 21 = -4*w - v. Let c = w + 28. Calculate the remainder when c is divided by 4.
3
Let l be (4/(-10))/(5/25). What is the remainder when 42 is divided by (-376)/(-24) - l/(-3)?
12
Suppose -4*i + 167 = 2*q + i, 0 = 5*q - 3*i - 433. Calculate the remainder when q is divided by 29.
28
Let d(b) = -b**3 + 2*b**2 + 4*b - 1. Let t be d(3). Suppose t*j - j - 16 = 0. Suppose -7*r + 10*r - 27 = 0. Calculate the remainder when j is divided by r.
7
Let b(x) = 2*x + 3. Let h(d) = d**3 + 4*d**2 + 3*d - 1. Let i be h(-3). What is the remainder when b(7) is divided by (i + (-6)/(-4))*18?
8
Let z(w) = 18*w**2 + w. Let o be 1/(0 + (-1 - 0)). Let u(n) = -36*n**3 + n**2 + n. Calculate the remainder when u(o) is divided by z(1).
17
Let u = -13 + 27. Let o be (-104)/(-28) + 4/u. Suppose 41 = -o*j + 153. Calculate the remainder when j is divided by 10.
8
Let x be 5/2 + 2/(-4). Let y(i) = 0 - i**2 + 3*i**x + 1. Calculate the remainder when y(-3) is divided by 10.
9
Suppose -3 = -2*w + 7. Suppose y - 5*c = -12, w*y + 4*c + 13 - 98 = 0. What is the remainder when 38 is divided by y?
12
Suppose 294*p - 2